 -3?
-1441
In base 11, what is 14 + -284?
-270
In base 14, what is -65 - a?
-71
In base 15, what is c - -1?
d
In base 16, what is -117 - -5?
-112
In base 13, what is -1 - 9?
-a
In base 3, what is 12010 + 22?
12102
In base 3, what is -10002 - -10?
-2222
In base 14, what is -5 - 0?
-5
In base 10, what is 1779 + -4?
1775
In base 14, what is 29 - 9?
20
In base 16, what is 0 - -b88?
b88
In base 9, what is -16 - -18?
2
In base 3, what is -11 + -222020?
-222101
In base 12, what is 53 + 8?
5b
In base 4, what is -3331 + -110?
-10101
In base 16, what is -c6 + -3?
-c9
In base 6, what is 11 + 1402?
1413
In base 11, what is 183 + 0?
183
In base 11, what is 691 + -4?
688
In base 13, what is 0 + 53?
53
In base 5, what is 32 - 14?
13
In base 13, what is 2 - b?
-9
In base 4, what is -1 + -1011?
-1012
In base 13, what is -6 - 24?
-2a
In base 8, what is 13 - -11?
24
In base 16, what is 6c - 5?
67
In base 4, what is 10 + -132?
-122
In base 14, what is 4 + -5?
-1
In base 10, what is 4 - 209?
-205
In base 7, what is 2120 + 3?
2123
In base 3, what is -211 + 1200?
212
In base 15, what is -a - -144?
139
In base 16, what is 5c - 2?
5a
In base 2, what is -11010011 - 101?
-11011000
In base 12, what is -54 + -3?
-57
In base 10, what is -3 + 28?
25
In base 5, what is -4 + -30?
-34
In base 2, what is -1000011 - -100110?
-11101
In base 15, what is -81 - -68?
-18
In base 4, what is -121233 + 30?
-121203
In base 10, what is 5 + -94?
-89
In base 5, what is 2230 - -3?
2233
In base 4, what is -22 + 232?
210
In base 13, what is -1 - 52?
-53
In base 7, what is 13 - -51?
64
In base 12, what is -57 - -6b?
14
In base 8, what is -5 - 70?
-75
In base 9, what is -3 - -254?
251
In base 12, what is -443 - -4?
-43b
In base 3, what is -21121 + 0?
-21121
In base 13, what is 14 - -7a?
91
In base 15, what is -1c5 - 1?
-1c6
In base 13, what is 3 + 100?
103
In base 9, what is 1 + 265?
266
In base 10, what is -21 + -1954?
-1975
In base 14, what is -34 + 2?
-32
In base 3, what is 121021 - -10?
121101
In base 13, what is -68 - 2?
-6a
In base 11, what is 4 - 183?
-17a
In base 11, what is -4 - 63?
-67
In base 3, what is -12 + -202102?
-202121
In base 8, what is 616 - 5?
611
In base 13, what is -2 - 0?
-2
In base 4, what is 10 + 13032?
13102
In base 14, what is 772 - -2?
774
In base 12, what is -8 - -12?
6
In base 9, what is -1106 + 2?
-1104
In base 13, what is a45 + -1?
a44
In base 2, what is 10 + -1110011100100?
-1110011100010
In base 8, what is -22 + -406?
-430
In base 9, what is 11 + 37?
48
In base 14, what is -3 - 504?
-507
In base 6, what is -1 + -303?
-304
In base 15, what is -1 - 13?
-14
In base 14, what is 17a + 4?
180
In base 5, what is -2 + -34430?
-34432
In base 10, what is -487 - -16?
-471
In base 5, what is 443 - 24?
414
In base 14, what is -1 - -607?
606
In base 10, what is 88 + 31?
119
In base 5, what is -202 - -10?
-142
In base 6, what is -123 - 11?
-134
In base 4, what is -31111 - 2?
-31113
In base 2, what is 100101001000 + -1010?
100100111110
In base 15, what is 6a - -4d?
b8
In base 9, what is 16 - -1400?
1416
In base 13, what is 1381 + -5?
1379
In base 11, what is 2 + -2?
0
In base 10, what is 127 + 62?
189
In base 4, what is 20301333 - 3?
20301330
In base 9, what is 1 - -257?
258
In base 2, what is 101 - 101110110?
-101110001
In base 5, what is -3 + -211?
-214
In base 6, what is -1 + 5043?
5042
In base 8, what is 453 - -52?
525
In base 2, what is -1100101 + 11?
-1100010
In base 4, what is 3 - -110300?
110303
In base 11, what is 6 - -1a6?
201
In base 4, what is -10302012 + -10?
-10302022
In base 3, what is -110020 + 10?
-110010
In base 11, what is 6 - 0?
6
In base 14, what is 44c + 3?
451
In base 3, what is 11200022 + 1?
11200100
In base 16, what is -24 + 45?
21
In base 12, what is -1 - 1?
-2
In base 12, what is 8 - 141?
-135
In base 14, what is 2 + a3?
a5
In base 14, what is 821 + 2?
823
In base 5, what is -2 - -144?
142
In base 6, what is -3035 + -5?
-3044
In base 10, what is -4 + -68?
-72
In base 12, what is -4 + 192?
18a
In base 4, what is -1003301 - 1?
-1003302
In base 6, what is 1222 - -3?
1225
In base 10, what is 40 + 196?
236
In base 15, what is 511 - a?
506
In base 15, what is 20 + -2?
1d
In base 3, what is 2002 + 1?
2010
In base 13, what is 52 - c?
43
In base 7, what is -5 + -44?
-52
In base 16, what is 2 - e8?
-e6
In base 13, what is -1625 - 5?
-162a
In base 16, what is -e9 + 0?
-e9
In base 8, what is -4 + -24?
-30
In base 5, what is 220412 - -4?
220421
In base 13, what is -14 - 4?
-18
In base 11, what is 20 + -2?
19
In base 7, what is -226 - 1?
-230
In base 7, what is -2 + -166?
-201
In base 10, what is 933 + -1?
932
In base 16, what is 5 - -1a?
1f
In base 5, what is -3 + 342?
334
In base 16, what is -96 - 4d?
-e3
In base 15, what is dc - 5?
d7
In base 9, what is -12 + 31?
18
In base 6, what is 3 - -200?
203
In base 15, what is 5 - 131?
-12b
In base 4, what is -10312131 + 3?
-10312122
In base 6, what is -10 - 1423?
-1433
In base 15, what is -6 - -58?
52
In base 3, what is -1020 - 20210?
-22000
In base 13, what is -80b + 0?
-80b
In base 2, what is -111001 + 1?
-111000
In base 4, what is 3 - 2101?
-2032
In base 3, what is -1012 + -1?
-1020
In base 7, what is 55300 + -4?
55263
In base 11, what is -a + 174?
165
In base 8, what is -31733 - -5?
-31726
In base 2, what is 101110 - -110001?
1011111
In base 8, what is 130 - 3?
125
In base 8, what is -1233 + -13?
-1246
In base 5, what is 3020 - 1?
3014
In base 11, what is 3 - 5561?
-5559
In base 8, what is 10 - -31?
41
In base 10, what is -13 + 91?
78
In base 16, what is 2 - -2dc?
2de
In base 10, what is 3 + 31?
34
In base 16, what is 2 - -48?
4a
In base 5, what is -40 + 110?
20
In base 10, what is 4 + -3029?
-3025
In base 8, what is 31606 + -5?
31601
In base 8, what is -1252 - 1?
-1253
In base 9, what is -35 + 127?
82
In base 5, what is -10413 + 10?
-10403
In base 2, what is 11110 + 111?
100101
In base 6, what is 521 + -5?
512
In base 16, what is 5 + b5?
ba
In base 2, what is -110 - -10?
-100
In base 6, what is 102 + -453?
-351
In base 9, what is 3 + 5025?
5028
In base 11, what is 10 - -9?
19
In base 7, what is 2052 - 32?
2020
In base 2, what is -100 + -11101010?
-11101110
In base 14, what is 4 - 633?
-62d
In base 5, what is 2 - -131?
133
In base 13, what is -2 - -9?
7
In base 16, what is -4 - -5c?
58
In base 6, what is 131 - 23?
104
In base 3, what is -22 - 1122?
-1221
In base 16, what is 33 + d?
40
In base 12, what is 21 + -19?
4
In base 8, what is 4 - -31?
35
In base 11, what is -6 + 2?
-4
In base 9, what is 8 + -33?
-24
In base 13, what is 215 + 5?
21a
In base 14, what is b - 9b?
-90
In base 9, what is -185 - 5?
-201
In base 6, what is -5 - 354?
-403
In base 9, what is -3 + -3445?
-3448
In base 4, what is 130 + 1333?
2123
In base 5, what is -20 + 143?
123
In base 16, what is -65 - -d?
-58
In base 4, what is -3 + -13?
-22
In base 10, what is -107 - -3?
-104
In base 5, what is -1 + -3011?
-3012
In base 13, what is 2 + -48?
-46
In base 5, what is -3131 - 4?
-3140
In base 13, what is 1068 - -9?
1074
In base 3, what is 1 + 1201?
1202
In base 15, what is -405 - -3?
-402
In base 10, what is -1 - -277?
276
In base 3, what is -1201 - -10121?
1220
In base 2, what is -101001 - -1?
-101000
In base 6, what is 13 - -10453?
10510
In base 2, what is 100 + 111011001111?
111011010011
In base 13, what is 83b1 + -5?
83a9
In base 11, what is 376 - 5?
371
In base 2, what is 10111 + -1000011?
-101100
In base 4, what is -103 + 12?
-31
In base 6, what is -13 + -50?
-103
In base 15, what is -2255 - 3?
-2258
In base 15, what is 1c + 11?
2d
In base 15, what is 9 - b?
-2
In base 9, what is -2 - -542?
540
In base 4, what is -1 - -10210?
10203
In base 3, what is -12 + 1101001?
1100212
In base 12, what is 3 - -2?
5
In base 11, what is 5 - 42?
-38
In base 9, what is -13 + -13?
-26
In base 15, what is -6 - -1a6?
1a0
In base 5, what is -4 - 112?
-121
In base 14, what is 1 - 18?
-17
In base 8, what is -3 - -57?
54
In base 10, what is -5 - 1962?
-1967
In base 6, what is -1 + 4542?
4541
In base 16, what is 0 - 8a3?
-8a3
In base 14, what is 0 - 81?
-81
In base 11, what is -4583 + -1?
-4584
In base 11, what is 33 + 22?
55
In base 10, what is -1 - 2648?
-2649
In base 11, what is 5 - 153?
-149
In base 6, what is 41 + -40?
1
In base 4, what is 3033 - 2?
3031
In ba